r?
True
Let q(d) be the third derivative of 5*d**4/8 + 55*d**3/3 - 6*d**2 + 5. Is q(29) composite?
True
Let h = -24379 - -44018. Is h a composite number?
True
Suppose 15*x - 17*x + 628889 = -3*d, 0 = 4*x - 3*d - 1257775. Is x a prime number?
False
Let g = 246641 + -143008. Is g a prime number?
False
Suppose 67308 = 17*j - 236669. Let p = j + -4622. Is p a composite number?
False
Let i(h) = 174*h**2 + 6*h + 23. Let x be i(-9). Let s be (-3)/9*2 - x/(-21). Suppose -4*b + 3*b + s = -2*z, 4*b - 2676 = 4*z. Is b composite?
True
Let t be (4/6)/(1/(-3)). Let q be 5*15/25*t. Is (381/q)/(7/(-70)) prime?
False
Let s = 24028 + 93109. Is s a composite number?
True
Suppose -10*m - 7533 = -3*j - 6*m, 5*j = -4*m + 12523. Is (-2)/2*(j + -4)*-1 a composite number?
False
Is ((-21251)/1614)/((-34097)/(-34098) + -1) composite?
True
Let p(d) be the first derivative of d**3/3 + d**2 + 3*d - 17. Let s be p(-1). Let f(o) = 24*o**3 + 3*o**2 - 2*o + 3. Is f(s) a prime number?
False
Let g(v) = 69*v**3 - 9*v**2 - v + 55. Is g(14) a prime number?
False
Suppose 4*x - 28 = -4*s, 25 = 5*x - 2*x + 5*s. Suppose -x*o + 9464 + 20031 = 0. Is o prime?
False
Is 519/(364/(-406) - -1) a composite number?
True
Let j = 275 + -304. Is 2026/4*j/((-348)/264) a composite number?
True
Let x = -41 - 38. Let v = x - 15. Let t = v + 221. Is t a composite number?
False
Suppose p - 5*u - 219673 = 0, -4*p + 806463 = 2*u - 72097. Is p a composite number?
True
Suppose 9*a + 3639 - 129 = 0. Let k = -1143 - a. Let t = k - -2464. Is t composite?
True
Let i be (-112)/(-49) + (-4)/14. Let u(a) = 90*a**2 + 3*a - 20. Let r be u(4). Suppose 0 = -o + 5, -i*o = -2*g - 96 + r. Is g a prime number?
True
Let v(n) = 122*n**2 - 13*n - 90. Let b be v(16). Suppose 17*u = -4703 + b. Is u a composite number?
False
Suppose 10*k - 12*k = -1088. Suppose -k*u + 542*u + 10442 = 0. Is u a prime number?
False
Suppose 8604 = 4*w + 14*w. Suppose w = -x + 6855. Is x a prime number?
False
Let o(u) = 1553*u**2 + 301*u - 463. Is o(-20) composite?
False
Is (553796 - 3 - 12)/(-1 - -2) a composite number?
True
Let o(g) = -251*g + 120619. Is o(0) composite?
False
Let h(p) = 139*p**2 + 17*p - 2. Let a = 106 - 99. Let z be h(a). Let v = z + -4421. Is v composite?
True
Let x = -29253 - -15747. Let f = 23473 + x. Is f a composite number?
False
Suppose 0 = 6*s - 1065 - 1353. Suppose 2*o = -33 + s. Is o prime?
False
Suppose 0 = -5*t + x + 14352, 0*t + x = -5*t + 14358. Suppose 2*g - 873 = t. Suppose -2*c - 7456 = -4*k, 2*c - g = -3*k + 3727. Is k a composite number?
True
Suppose 112*l - 3246731 - 15525333 = 80*l. Is l a composite number?
False
Let x be (0 - 0)/(11/(66/18)). Suppose 7*h = -x*h - 84. Is 11/(-33) + -4*4414/h a composite number?
False
Let x = 146509 - 8060. Is x composite?
False
Let x(v) = 12*v**2 + 135*v - 405. Let o be x(3). Suppose -2*a = d - 1025, 1055 = 5*a + 3*d - 1506. Let b = a + o. Is b a prime number?
False
Let w be (-8)/(7 - 39798/5686). Let l = w - -16671. Is l a composite number?
True
Let w(v) = -915*v - 89. Let l be w(-2). Suppose -47390 = -5*g + 3*b, -3*g - 2*b + 26712 = -l. Is g a composite number?
True
Suppose 6*k - 5*a = 43, -17 = 4*a + 3. Suppose -3*t + 33564 = -2*u + 7*u, -k*u + 20145 = 4*t. Is u composite?
True
Is 11 - -1*(-1001394)/(-9) a prime number?
False
Let x = -87070 + 278091. Is x a prime number?
True
Let k(l) = -3*l**2 - 13*l - 13. Let z be k(-1). Is (-8320)/(-12) + 7/z a prime number?
True
Suppose -2*v + 33 = 9*v. Suppose 0 = v*w - 4*j - 9337, 5*w - 25*j = -28*j + 15523. Is w a prime number?
False
Let z(x) = -x**3 + 11*x**2 + 24*x + 23. Let r be z(13). Let j be -1 + -1877 - r - 3. Let p = 4711 + j. Is p composite?
False
Let t = -8 + 15. Suppose t*i - 118 = -48. Suppose i*w - 9*w = 1219. Is w prime?
False
Let s = 15264 + 613. Is s prime?
True
Let a(j) be the second derivative of 79*j**4/12 + 43*j**3/6 - 51*j**2/2 + 40*j + 3. Is a(12) composite?
True
Let t(c) = -15*c**2 - 92 + 6*c**2 + 6*c**2 - 42*c + 4*c**2. Is t(-29) composite?
True
Let f(h) be the second derivative of 23*h**4/12 - 5*h**3/6 + 41*h**2 - 29*h - 2. Is f(7) a composite number?
True
Let l(f) = -f**3 + 5. Let u be l(0). Suppose 0 = -2*j - u*t + 14, 3*t - t = j + 2. Suppose -9*n + 2959 = j*n. Is n composite?
False
Let n(r) = -r**2 - 10*r - 13. Let d be n(-8). Suppose 2*z + 5*j + 13 = z, 0 = 4*z + d*j + 1. Is 327 + (10 - z)/4 prime?
False
Let k(a) = a**3 + 19*a**2 - 18*a + 34. Let r be k(-20). Is (107650/(-75))/(4/r) composite?
False
Let x = 2061 - 2059. Suppose 4*v + v = 25. Suppose 4*g - v*g = 2*u - 781, 3*u - 1565 = -x*g. Is g prime?
True
Let f(w) = 14*w**2 + 86*w - 15. Is f(-53) prime?
False
Let q(u) = 23 - 336*u - 32 + 37 + 37 - 4. Is q(-28) composite?
True
Is 28/(-154)*-11 - -3087 prime?
True
Suppose 3*q = -2*i + 218211, -3*i - 110767 - 252937 = -5*q. Is q composite?
False
Let k(z) = 14849*z**2 - 5*z - 22. Let i be k(-7). Suppose -18*q + i = -0*q. Is q prime?
True
Suppose 8 = -12*g + 16*g. Suppose g*n + 4*f = -f + 239, 3*n = -f + 365. Is n composite?
True
Suppose 8*n - z + 219 = 3*n, 0 = -2*n + 4*z - 102. Let v = -34 - n. Let o(f) = f**3 - f**2 - 11*f + 8. Is o(v) a prime number?
True
Let z(a) = -2*a**3 + 7*a**2 + 3*a - 14. Let h be z(3). Let i be 3666 - (2 + -1) - 2. Suppose h*n = -5*n + i. Is n a prime number?
False
Let s = -711 - -495. Let y be 14/(-4)*(s/21)/6. Is (1066/1)/(5 - (-3 + y)) a prime number?
False
Suppose -4*b + 51425 + 20415 = 0. Suppose -b = -5*a + 3*k, -3*a + 5*k + 5433 = -5359. Is a prime?
False
Let y(v) = 374220*v**3 + 11*v - 12. Is y(1) a prime number?
True
Let w = -33987 + 62693. Suppose -27124 = -10*k + w. Is k a composite number?
True
Is 200/(-350) - 41871/(-7) composite?
False
Suppose 3*t + 3 = k, 4*k - 25 = -5*t + 4*t. Let d(u) = 8*u - 44. Let q be d(k). Suppose 580 - 3460 = -4*h + g, q*h - 2872 = -g. Is h a composite number?
False
Let l = -73805 + 128907. Is l a prime number?
False
Suppose 4*m + 4 = a, m = -2*a + 3*a - 4. Suppose 2*j = 4*t - 14, a*j + 0*j = -12. Suppose -5*k + 470 + 2143 = 3*h, t*k = -h + 871. Is h composite?
True
Let z(s) = 211*s**2 + 2*s + 2. Let j be 3 - 4 - 3 - 23. Let g = j + 26. Is z(g) composite?
False
Let g(d) = 73*d**2 - 4*d + 6. Suppose 3*t + 5 = -25. Is g(t) a composite number?
True
Let l = -147 - -7674. Suppose 11*a = l + 1922. Is a composite?
False
Is 10 + ((-2104)/(-2))/(608/267672) composite?
True
Suppose -5*g + 181624 = -334171. Is g prime?
False
Suppose 2*r + 4*r = 19164. Suppose 2*v + 2*d = -d - 15, -4*v - 4*d - 20 = 0. Suppose 2*q + q - i - 2395 = v, -4*q + i + r = 0. Is q composite?
True
Suppose -2*u = -f + 646197, -u = -94*f + 96*f - 1292404. Is f prime?
False
Suppose -2*t = -y + 3607, -4*t = -23*y + 28*y - 17937. Is y a composite number?
False
Suppose -1878 = 3*t + j, 636 = -2*t + t + 3*j. Suppose 5*g - 2605 = 1825. Let o = g + t. Is o a composite number?
True
Suppose 2*j - 51780 - 5632 = 0. Let x = -78344 + j. Is 4/(-18) + x/(-54) a composite number?
False
Let d(f) = 28*f + 9. Let n(w) = 28*w + 7. Let t(s) = 5*d(s) - 4*n(s). Is t(18) composite?
False
Let h be 345*-1*(-1005)/45. Suppose 0 = -5*c - 5*k + h, 0 = 2*c + 5*k - 3013 - 81. Is c a prime number?
False
Let y(b) = -3*b**3 - 19*b**2 + 86*b - 13. Is y(-17) prime?
False
Let d(k) = 1874*k + 20 + 415*k - 3 + 15. Is d(3) a prime number?
True
Suppose 0 = 252*i - 263*i + 816827. Is i composite?
False
Suppose -15 = -6*u - 33. Is (u*17735/(-15))/1 a prime number?
True
Let c(u) = 1468*u**2 + 49*u - 9. Is c(10) a prime number?
False
Is (-1119764)/3*37/((-4292)/87) a prime number?
True
Let y(l) = 5*l**3 + 2*l**2 + l - 2. Let j be y(1). Suppose -j*i + 1091 = q - 2*i, -3*q + i = -3312. Is q composite?
False
Suppose 68*d = 154*d - 37143658. Is d a prime number?
True
Suppose -47 + 41 = -2*z. Let m be 2/((-8)/z - -3). Is (1 - (-3633)/m)/((-3)/(-6)) prime?
True
Is ((99340/(-8))/(-5))/((-6774)/(-564) + -12) a composite number?
True
Suppose -5*l - 1800 - 119340 = 0. Let n = 35541 + l. Suppose -10*t = -t - n. Is t composite?
True
Let h = 126 - 118. Is h - 48/8 - (3 - 23498) composite?
False
Suppose 2*w = 12, 220*d + 897657 = 223*d - 4*w. Is d a composite number?
True
Let f(l) be the second derivative of 8/3*l**3 + 3*l + 1/20*l**5 + 37/2*l**2 + 7/4*l**4 + 0. Is f(-16) a prime number?
True
Let m be 5/((-2)/(-530)*5) + -3. Let v 